st derivative of -5*c**2 - 9*c + 6. What is the tens digit of u(d)?
4
Let h = 90304 - 45136. What is the thousands digit of h?
5
Suppose 3*w + 2*j + 9 + 10 = 0, 2*j = 5*w + 37. What is the hundreds digit of ((-32)/(-14))/8 - 2448/w?
3
Let i = -64 - -65. Let a = i - 13. Let y = a + 138. What is the tens digit of y?
2
Suppose 0*z = 5*m + 5*z - 445, 2*z = 5*m - 459. Let q = 2094 - m. What is the thousands digit of q?
2
Suppose 290 - 2327 = -3*l. Suppose 9*j - 1358 = 7*j - d, d = j - l. What is the hundreds digit of j?
6
Let x be (12/10)/(3/10). Let p be 15*(x - 54/15). Let q(j) = j**2 + 6*j + 12. What is the tens digit of q(p)?
8
Suppose -21*z + 226*z = 16*z + 5647887. What is the thousands digit of z?
9
Let q(s) = -2*s**3 - 22*s**2 + 48*s + 51. Let l be q(-13). Let m be (-309)/(-9) - 4/(-6). Suppose -16 = -4*p, 2*z - p = l + m. What is the tens digit of z?
7
Let o(n) = 2*n**2 - 13*n - 3. Let h be o(6). Let y(v) = 3*v**3 + 32*v**2 + 9*v - 9. Let c be y(h). What is the hundreds digit of 4 - (c/(-3) + 5)?
1
Let z(a) = 6*a**2 + 30*a - 84. What is the thousands digit of z(-38)?
7
Let o be (10 + -10)/(-5 + 3). Suppose 21*y - 16387 + 847 = o. What is the tens digit of y?
4
Suppose 18 = 6*r + 6. Suppose r = 6*x + 26. What is the tens digit of ((-24)/(-15))/((x/130)/(-1))?
5
Let c = 434 - 434. Suppose 2*h + 775 - 2463 = c. What is the units digit of h?
4
Suppose 0 = 2*y + 2*i - 5518, -4*y - 5*i = 4031 - 15072. Suppose 6*f + 0*f - y = 0. What is the tens digit of f?
5
Let k = 57846 + -38758. What is the units digit of k?
8
Suppose 15*l - 797780 = -3*l - 2*l. What is the thousands digit of l?
9
Let k be 5 - 11/(55/(-690)). Let r(a) = -a - 263 + 0*a + 262 + 3*a**2 + k*a**3. What is the hundreds digit of r(1)?
1
Suppose -14 = -z - 9. Suppose -16 = 3*h + 2*i + 4, z*h + 3*i = -33. What is the tens digit of (8/12 - (-1744)/h)/(-2)?
4
Let d = -5393 + 8986. What is the thousands digit of d?
3
Let a be ((-336)/15)/(22/(-55)). Suppose 3*t - 40 = a. What is the units digit of t?
2
Suppose -6*u = 3*u + 621. Let t = u + 50. Let h = t + 30. What is the units digit of h?
1
What is the units digit of 1245/1660 + (-341978)/(-8)?
8
Let r(o) = 2*o + 19. Let d be r(7). Let c = 36 - d. What is the tens digit of (-22 - -6)*(c - 4)?
1
Suppose 2*s = -5*j + 95, 0 = -2*j - 6. Let g be (-1221)/s + 1/5. What is the units digit of (-1602)/g + 2/11?
3
Let b(x) = 16*x**3 + x**2 + x. Let t(a) = -5*a**2 + 115*a + 2. Let v be t(23). What is the hundreds digit of b(v)?
1
Suppose 17*z = -9*z + 910. What is the hundreds digit of ((-706)/(-6))/(z/105)?
3
What is the tens digit of (6120/119)/(15/11480)?
6
What is the units digit of 57/(-95)*(-244095)/9?
3
Let m = 128 - 595. Let k = m - -656. What is the tens digit of k?
8
Suppose 3*g - 2*g - 2 = 0. Suppose -g*b = -253 - 177. What is the hundreds digit of b?
2
Let f(l) = 4550*l - 209. What is the thousands digit of f(8)?
6
What is the thousands digit of (0/(-2) + 6/5)*(-585720)/(-216)?
3
Suppose -5*s - z + 3*z = -28984, -4*s + 23176 = 4*z. What is the thousands digit of s?
5
Let o(f) = 3*f**2 + 3*f + 2. Suppose 45*d = 41*d + 28. Let i(v) = -6*v + 34. Let s be i(d). What is the hundreds digit of o(s)?
1
Let m be (0 + 1)/((-4)/8 - -1). Suppose 3*a = 5*y - 111, -4*a + 34 = m*y - 0*a. What is the units digit of y?
1
Suppose -4*s + 5*u - 32 = 12, 0 = -s - 2*u + 2. Let p = 10 + s. What is the units digit of ((-18)/p)/(3/(-44)*1)?
6
What is the units digit of 6/7 - (65997/(-7) - (6 - 2))?
3
Let i = 24 + -9. Suppose 2240 + 2035 = i*w. What is the units digit of w?
5
Suppose -2*v - n = 2, 7*n - 6*n + 2 = 0. Suppose v = -41*r + 299 + 152. What is the tens digit of r?
1
Let p = 7127 + -3466. What is the thousands digit of p?
3
Let m = -360 + 495. Suppose -m*d + 50 = -130*d. What is the units digit of d?
0
Suppose 3*r = 5*x + 790 + 1587, -3*x - 791 = -r. Suppose -t + r = -827. What is the units digit of t?
1
Suppose -4*f + 15628 = -6*m + 58494, m - 2*f - 7139 = 0. What is the units digit of m?
7
Suppose 2*u + g = 41, 0 = -3*u - 2*u - 3*g + 101. Let p(a) = 12 + a + 5 - 34 + 1. What is the units digit of p(u)?
6
Let d = -35 - -37. Let u be 303 + (1 - d - -3) + -1. Suppose -4*z = -2*f + u, -3*f + z + 149 = -2*f. What is the tens digit of f?
4
Let r(u) = 174*u**3 + 207*u**2 + 8*u - 8. What is the ten thousands digit of r(5)?
2
Let h(y) = y**2 - 25*y - 33. Let u be h(26). Let k(r) = 12*r**2 + 39*r + 12. What is the units digit of k(u)?
7
Let t(m) = 10 + 9 + 3*m**2 - 30 - m + 12. Let q be t(1). Suppose q*c - 98 = c. What is the tens digit of c?
4
Let l(p) = 164*p**3 + 3*p**2 - p + 1. Let t be l(-1). Let r = t - -707. What is the units digit of r?
8
Let t(g) = -5369*g + 287. What is the hundreds digit of t(-2)?
0
Suppose -23*k + 72748 + 224113 = 0. What is the units digit of k?
7
Let z be 3120/1 - (0 + 2*-1). Suppose z = j + 6*j. What is the units digit of j?
6
Let l = -553 + 7221. What is the hundreds digit of l?
6
Let g(z) = -z**2 - 3*z + 23. Let f be g(-7). What is the hundreds digit of -1 - f - (-652)/2?
3
Let f = 3623 + -1986. Let q = 3258 - f. What is the thousands digit of q?
1
Suppose -v + 5 = d, 17 + 0 = 3*v + 2*d. Let p(c) = 4042*c - 2007*c - 2003*c. What is the hundreds digit of p(v)?
2
Let v(c) = -6*c**2 - 7*c - 4. Let h be v(-9). Let y = h + 546. What is the units digit of y?
9
Let i(j) be the second derivative of 7*j**3/3 - 71*j**2/2 - 2*j - 318. Suppose -51 = 2*y - 5*y. What is the tens digit of i(y)?
6
Suppose 2*b = -u + 2254, -6764 = 4*u - 7*u - 5*b. What is the tens digit of u?
5
Suppose 9667 + 32176 = 16*c + 7011. What is the tens digit of c?
7
Let y(o) = -132*o - 6. Let s be 1*(12/2)/(-2) + 1. Let r be y(s). Let g = -137 + r. What is the units digit of g?
1
What is the hundreds digit of (-11 - (-2564 - -9)) + 3?
5
Suppose 3*h = 2*r + 1447, 1058 = -r + h + 334. Let l = r - -1365. What is the units digit of l?
0
Suppose 2*o + 4*i = 32, 9*o + 3*i = 8*o + 21. What is the hundreds digit of (o - (-4 + 6)) + 1047?
0
Suppose -10*r + 23 = 273. Let j = r + 269. Let p = 344 - j. What is the hundreds digit of p?
1
Suppose -4*d + 2*r + 4 = -9*d, -4*r - 8 = -2*d. Suppose 5*i - 448 - 857 = d. What is the hundreds digit of i?
2
What is the ten thousands digit of (-4)/42 + 26690642/1974?
1
Suppose 0 = 5*z - 2*z. Let o be z + (-12)/(-10)*15/(-6). Let d(u) = 18*u**2 - 11*u - 20. What is the hundreds digit of d(o)?
1
Suppose 0 = -3*v + 4*v + 5*n + 25, v = 2*n + 10. Suppose v = 11*t - 6*t + 4*d - 6960, 0 = -3*d. What is the thousands digit of t?
1
Let u = 38923 - 21771. What is the hundreds digit of u?
1
Suppose 5*k + 3*y - 111338 = 0, 7*k - 2*y - 111308 = 2*k. What is the tens digit of k?
6
Let o(a) = 5*a + 13. Let v(k) = k + 24. Let l(r) = -r**2 + r + 5. Let p be l(5). Let x be v(p). What is the tens digit of o(x)?
5
Suppose 5*y - 9707 = -c, -3*c + y + 16818 + 12223 = 0. What is the tens digit of c?
8
Suppose 27*t - 31*t = 2*h - 9652, -4832 = -h - 4*t. What is the units digit of h?
0
Suppose -z + v + 7 = 0, z + 8 = -5*v + 3. Suppose m - 4528 = -z*w, m - 637 - 1176 = -2*w. What is the tens digit of w?
0
Suppose -2*o - 3*n + 0*n = -3009, -n + 4524 = 3*o. Suppose -3*h + o = 3*t, -2*t - 582 = 3*h - 2086. What is the units digit of h?
8
Let h = -39 + 48. Let f be 1*(h/(-3) - (-136 + -1)). Suppose 0 = -2*r - 0*r + f. What is the tens digit of r?
6
Let v(j) = -1900*j - 39. What is the tens digit of v(-3)?
6
What is the units digit of (-5 + (-4780)/(-8))*108/90?
1
Let o(d) = -48*d + 2962. What is the tens digit of o(-106)?
5
What is the thousands digit of (-3)/(6/(-21554)) + (-70)/35?
0
Suppose -9*i = -1118 + 3809. Let j = i - -315. What is the units digit of j?
6
Let m be -9 + 6 - (-1 - 48). Suppose -5*b + 4*z = -2*b + 71, 3*b = -z - m. Let k = b + 44. What is the units digit of k?
7
What is the thousands digit of -365 + 26983 + 17*1?
6
Suppose 51382 = 4*c + 23*l - 18*l, l + 12850 = c. What is the tens digit of c?
4
Let g be 20/((-40)/8) - 1. Let z(a) be the first derivative of a**3/3 - 7*a**2/2 - 7*a - 1. What is the tens digit of z(g)?
5
Suppose 3*d + 12*d + 510 = 0. Let a(r) = -18*r + 67. What is the tens digit of a(d)?
7
Let p = -15567 + 51259. What is the thousands digit of p?
5
Suppose 3*d + 0*d - 2*v = 62223, -5*d + 103705 = -2*v. What is the ten thousands 